{"id":7,"date":"2010-06-30T14:33:55","date_gmt":"2010-06-30T12:33:55","guid":{"rendered":"http:\/\/www.kulturen.com\/ostarpsbloggen\/?page_id=7"},"modified":"2011-05-16T18:27:31","modified_gmt":"2011-05-16T16:27:31","slug":"om-bloggaren","status":"publish","type":"page","link":"https:\/\/ostarpsbloggen.kulturen.com\/?page_id=7","title":{"rendered":"Om f\u00f6rfattaren"},"content":{"rendered":"<div id=\"attachment_329\" style=\"width: 209px\" class=\"wp-caption alignright\"><a href=\"http:\/\/www.kulturen.com\/ostarpsbloggen\/wp-content\/uploads\/2010\/07\/dsc4360.jpg\"><img loading=\"lazy\" decoding=\"async\" aria-describedby=\"caption-attachment-329\" class=\"size-medium wp-image-329 colorbox-7\" style=\"margin-left: 10px;\" title=\"Bloggf\u00f6rfattaren Kristina Bakran. Foto: Viveca Ohlsson 2010\" src=\"http:\/\/www.kulturen.com\/ostarpsbloggen\/wp-content\/uploads\/2010\/07\/dsc4360-199x300.jpg\" alt=\"\" width=\"199\" height=\"300\" srcset=\"https:\/\/ostarpsbloggen.kulturen.com\/wp-content\/uploads\/2010\/07\/dsc4360-199x300.jpg 199w, https:\/\/ostarpsbloggen.kulturen.com\/wp-content\/uploads\/2010\/07\/dsc4360.jpg 531w\" sizes=\"auto, (max-width: 199px) 100vw, 199px\" \/><\/a><p id=\"caption-attachment-329\" class=\"wp-caption-text\">Bloggf\u00f6rfattaren Kristina Bakran. Foto: Viveca Ohlsson 2010<\/p><\/div>\n<p>Jag \u00e4r dramapedagogen som av en lycklig slump fick f\u00f6rm\u00e5nen att bli museipedagog p\u00e5 Kulturen. D\u00e4r har jag\u00a0 framf\u00f6r allt \u00e4gnat mig \u00e5t skolverksamhet och helg och lovverksamhet f\u00f6r familjer, ett fantastiskt roligt jobb. Nu har jag tagit ett steg till och genomf\u00f6rt min hemliga dr\u00f6m att \u00e4ven utbilda mig till tr\u00e4dg\u00e5rdsm\u00e4stare. Fr\u00e5n mitten av maj 2011 \u00e4r jag tr\u00e4dg\u00e5rdsm\u00e4stare f\u00f6r Kulturens olika tr\u00e4dg\u00e5rdar, b\u00e5de i Lund och p\u00e5 \u00d6starp. Jag kommer dessutom att forts\u00e4tta att vara museipedagog och se till att det gr\u00f6na kulturarvet ska g\u00e5 vidare till ung som gammal.<\/p>\n<p>F\u00f6r att odla och v\u00e5rda det som v\u00e4xer och gror \u00e4r ett intresse som bara \u00f6kar. Det ska jag f\u00f6rs\u00f6ka f\u00f6rvalta p\u00e5 b\u00e4sta s\u00e4tt.<\/p>\n<p><em>Alla bilder p\u00e5 bloggen \u00e4r tagna av mig om inget annat anges.<\/em><\/p>\n","protected":false},"excerpt":{"rendered":"<p>Jag \u00e4r dramapedagogen som av en lycklig slump fick f\u00f6rm\u00e5nen att bli museipedagog p\u00e5 Kulturen. D\u00e4r har jag\u00a0 framf\u00f6r allt \u00e4gnat mig \u00e5t skolverksamhet och helg och lovverksamhet f\u00f6r familjer, ett fantastiskt roligt jobb. Nu har jag tagit ett steg &hellip; <a href=\"https:\/\/ostarpsbloggen.kulturen.com\/?page_id=7\">Forts\u00e4tt l\u00e4sa <span class=\"meta-nav\">&rarr;<\/span><\/a><\/p>\n","protected":false},"author":3,"featured_media":0,"parent":0,"menu_order":1,"comment_status":"closed","ping_status":"closed","template":"","meta":{"footnotes":""},"class_list":["post-7","page","type-page","status-publish","hentry"],"_links":{"self":[{"href":"https:\/\/ostarpsbloggen.kulturen.com\/index.php?rest_route=\/wp\/v2\/pages\/7","targetHints":{"allow":["GET"]}}],"collection":[{"href":"https:\/\/ostarpsbloggen.kulturen.com\/index.php?rest_route=\/wp\/v2\/pages"}],"about":[{"href":"https:\/\/ostarpsbloggen.kulturen.com\/index.php?rest_route=\/wp\/v2\/types\/page"}],"author":[{"embeddable":true,"href":"https:\/\/ostarpsbloggen.kulturen.com\/index.php?rest_route=\/wp\/v2\/users\/3"}],"replies":[{"embeddable":true,"href":"https:\/\/ostarpsbloggen.kulturen.com\/index.php?rest_route=%2Fwp%2Fv2%2Fcomments&post=7"}],"version-history":[{"count":0,"href":"https:\/\/ostarpsbloggen.kulturen.com\/index.php?rest_route=\/wp\/v2\/pages\/7\/revisions"}],"wp:attachment":[{"href":"https:\/\/ostarpsbloggen.kulturen.com\/index.php?rest_route=%2Fwp%2Fv2%2Fmedia&parent=7"}],"curies":[{"name":"wp","href":"https:\/\/api.w.org\/{rel}","templated":true}]}}