{"id":401,"date":"2010-07-13T06:40:47","date_gmt":"2010-07-13T04:40:47","guid":{"rendered":"http:\/\/www.kulturen.com\/ostarpsbloggen\/?page_id=401"},"modified":"2011-07-31T14:18:29","modified_gmt":"2011-07-31T12:18:29","slug":"gamlegards-tradgard","status":"publish","type":"page","link":"https:\/\/ostarpsbloggen.kulturen.com\/?page_id=401","title":{"rendered":"Gamleg\u00e5rds tr\u00e4dg\u00e5rd"},"content":{"rendered":"<p>Det Hanna utvecklade \u00e4r en tr\u00e4dg\u00e5rd med m\u00e5nga delar. H\u00e4r finns en prydnadstr\u00e4dg\u00e5rd med klippta buxbomh\u00e4ckar och blommor i \u00f6verfl\u00f6d. H\u00e4r finns frukttr\u00e4dg\u00e5rden med gamla sorter av \u00e4pplen och p\u00e4rontr\u00e4d. En del av tr\u00e4dg\u00e5rden \u00e4r inspirerad av det engelska naturliknande parkidealet. Den traditionella bers\u00e5n, \u00e4ven kallad kaffegrottan, best\u00e5r av en almh\u00e4ck och ett bord av en kvarnsten. Det ska ocks\u00e5 ha funnits en syrenbers\u00e5 l\u00e4ngre bort i tr\u00e4dg\u00e5rden. H\u00e4r finns rester av en plommonlund och ett jordgubbsland som \u00e4nnu ej har restaurerats. K\u00e5lg\u00e5rden och humleg\u00e5rden som en g\u00e5ng i tiden l\u00e5g mitt emot Gamleg\u00e5rd har inte l\u00e4mnat n\u00e5gra sp\u00e5r efter sig annat \u00e4n p\u00e5 gamla fotografier. Rester av en gammal hagtornsh\u00e4ck har en g\u00e5ng i tiden omslutit st\u00f6rre delen av tr\u00e4dg\u00e5rden.<\/p>\n<div id=\"attachment_207\" style=\"width: 610px\" class=\"wp-caption alignnone\"><a href=\"http:\/\/www.kulturen.com\/ostarpsbloggen\/wp-content\/uploads\/2010\/07\/img_3138.jpg\"><img loading=\"lazy\" decoding=\"async\" aria-describedby=\"caption-attachment-207\" class=\"size-large wp-image-207 colorbox-401\" title=\"Kaffegrottan med kvarnstensbordet\" src=\"http:\/\/www.kulturen.com\/ostarpsbloggen\/wp-content\/uploads\/2010\/07\/img_3138-1024x768.jpg\" alt=\"\" width=\"600\" height=\"450\" srcset=\"https:\/\/ostarpsbloggen.kulturen.com\/wp-content\/uploads\/2010\/07\/img_3138-1024x768.jpg 1024w, https:\/\/ostarpsbloggen.kulturen.com\/wp-content\/uploads\/2010\/07\/img_3138-300x225.jpg 300w, https:\/\/ostarpsbloggen.kulturen.com\/wp-content\/uploads\/2010\/07\/img_3138.jpg 1066w\" sizes=\"auto, (max-width: 600px) 100vw, 600px\" \/><\/a><p id=\"caption-attachment-207\" class=\"wp-caption-text\">Kaffegrottan med kvarnstensbordet<\/p><\/div>\n<p><em>Karta \u00f6ver Gamleg\u00e5rds tr\u00e4dg\u00e5rd och dess rabatter g\u00e5r att h\u00e4mta som PDF-fil (3,5Mb) via <a title=\"Gamleg\u00e5rds tr\u00e4dg\u00e5rd 2011\" href=\"http:\/\/www.kulturen.com\/PDF\/infoblad_ostarp\/Ostarps_rabatter_2011.pdf\" target=\"_blank\">denna l\u00e4nk<\/a>.<\/em><\/p>\n","protected":false},"excerpt":{"rendered":"<p>Det Hanna utvecklade \u00e4r en tr\u00e4dg\u00e5rd med m\u00e5nga delar. H\u00e4r finns en prydnadstr\u00e4dg\u00e5rd med klippta buxbomh\u00e4ckar och blommor i \u00f6verfl\u00f6d. H\u00e4r finns frukttr\u00e4dg\u00e5rden med gamla sorter av \u00e4pplen och p\u00e4rontr\u00e4d. En del av tr\u00e4dg\u00e5rden \u00e4r inspirerad av det engelska naturliknande &hellip; <a href=\"https:\/\/ostarpsbloggen.kulturen.com\/?page_id=401\">Forts\u00e4tt l\u00e4sa <span class=\"meta-nav\">&rarr;<\/span><\/a><\/p>\n","protected":false},"author":3,"featured_media":0,"parent":0,"menu_order":3,"comment_status":"closed","ping_status":"closed","template":"","meta":{"footnotes":""},"class_list":["post-401","page","type-page","status-publish","hentry"],"_links":{"self":[{"href":"https:\/\/ostarpsbloggen.kulturen.com\/index.php?rest_route=\/wp\/v2\/pages\/401","targetHints":{"allow":["GET"]}}],"collection":[{"href":"https:\/\/ostarpsbloggen.kulturen.com\/index.php?rest_route=\/wp\/v2\/pages"}],"about":[{"href":"https:\/\/ostarpsbloggen.kulturen.com\/index.php?rest_route=\/wp\/v2\/types\/page"}],"author":[{"embeddable":true,"href":"https:\/\/ostarpsbloggen.kulturen.com\/index.php?rest_route=\/wp\/v2\/users\/3"}],"replies":[{"embeddable":true,"href":"https:\/\/ostarpsbloggen.kulturen.com\/index.php?rest_route=%2Fwp%2Fv2%2Fcomments&post=401"}],"version-history":[{"count":0,"href":"https:\/\/ostarpsbloggen.kulturen.com\/index.php?rest_route=\/wp\/v2\/pages\/401\/revisions"}],"wp:attachment":[{"href":"https:\/\/ostarpsbloggen.kulturen.com\/index.php?rest_route=%2Fwp%2Fv2%2Fmedia&parent=401"}],"curies":[{"name":"wp","href":"https:\/\/api.w.org\/{rel}","templated":true}]}}