{"id":2001,"date":"2011-05-16T18:23:43","date_gmt":"2011-05-16T16:23:43","guid":{"rendered":"http:\/\/www.kulturen.com\/ostarpsbloggen\/?page_id=2001"},"modified":"2011-07-31T14:15:43","modified_gmt":"2011-07-31T12:15:43","slug":"kulturen-i-lund","status":"publish","type":"page","link":"https:\/\/ostarpsbloggen.kulturen.com\/?page_id=2001","title":{"rendered":"Kulturen i Lund"},"content":{"rendered":"<p>Runt alla de hus som samlats i museets park finns tr\u00e4dg\u00e5rdsmilj\u00f6er skapade f\u00f6r att f\u00f6rst\u00e4rka helheten. H\u00e4r finns allt fr\u00e5n en kloster\u00f6rtag\u00e5rd i miniatyr med typisk korsg\u00e5ng till arbetarbostadens 1930-tals milj\u00f6 med den lilla och gr\u00f6nsaks- och blomrabatten.<\/p>\n<p>H\u00e4r finns formklippta idegranar och en vacker buxbomparterr, men \u00e4ven doftande rosor och ett praktfullt ginkgotr\u00e4d.<\/p>\n<p>F\u00f6r barnen finns lekplatsen med en riktig vattenpump, pilekoja och doftande schersmin.<\/p>\n<p>Fram\u00f6ver kommer f\u00f6r\u00e4ndringar ske som ska f\u00f6rst\u00e4rka och ge inblick i hur olika tr\u00e4dg\u00e5rdsideal har f\u00f6rekommit.<\/p>\n<div id=\"attachment_2003\" style=\"width: 599px\" class=\"wp-caption alignnone\"><a href=\"http:\/\/www.kulturen.com\/ostarpsbloggen\/wp-content\/uploads\/2011\/05\/dsc4319.jpg\"><img loading=\"lazy\" decoding=\"async\" aria-describedby=\"caption-attachment-2003\" class=\"size-large wp-image-2003 colorbox-2001\" title=\"Kloster\u00f6rtag\u00e5rden med Lindforska huset i bakgrunden. Foto: Viveca Ohlsson\" src=\"http:\/\/www.kulturen.com\/ostarpsbloggen\/wp-content\/uploads\/2011\/05\/dsc4319-1024x734.jpg\" alt=\"\" width=\"589\" height=\"422\" srcset=\"https:\/\/ostarpsbloggen.kulturen.com\/wp-content\/uploads\/2011\/05\/dsc4319-1024x734.jpg 1024w, https:\/\/ostarpsbloggen.kulturen.com\/wp-content\/uploads\/2011\/05\/dsc4319-300x215.jpg 300w, https:\/\/ostarpsbloggen.kulturen.com\/wp-content\/uploads\/2011\/05\/dsc4319.jpg 1116w\" sizes=\"auto, (max-width: 589px) 100vw, 589px\" \/><\/a><p id=\"caption-attachment-2003\" class=\"wp-caption-text\">Kloster\u00f6rtag\u00e5rden med Lindforska huset i bakgrunden. Foto: Viveca Ohlsson<\/p><\/div>\n","protected":false},"excerpt":{"rendered":"<p>Runt alla de hus som samlats i museets park finns tr\u00e4dg\u00e5rdsmilj\u00f6er skapade f\u00f6r att f\u00f6rst\u00e4rka helheten. H\u00e4r finns allt fr\u00e5n en kloster\u00f6rtag\u00e5rd i miniatyr med typisk korsg\u00e5ng till arbetarbostadens 1930-tals milj\u00f6 med den lilla och gr\u00f6nsaks- och blomrabatten. H\u00e4r finns &hellip; <a href=\"https:\/\/ostarpsbloggen.kulturen.com\/?page_id=2001\">Forts\u00e4tt l\u00e4sa <span class=\"meta-nav\">&rarr;<\/span><\/a><\/p>\n","protected":false},"author":1,"featured_media":0,"parent":0,"menu_order":0,"comment_status":"open","ping_status":"open","template":"","meta":{"footnotes":""},"class_list":["post-2001","page","type-page","status-publish","hentry"],"_links":{"self":[{"href":"https:\/\/ostarpsbloggen.kulturen.com\/index.php?rest_route=\/wp\/v2\/pages\/2001","targetHints":{"allow":["GET"]}}],"collection":[{"href":"https:\/\/ostarpsbloggen.kulturen.com\/index.php?rest_route=\/wp\/v2\/pages"}],"about":[{"href":"https:\/\/ostarpsbloggen.kulturen.com\/index.php?rest_route=\/wp\/v2\/types\/page"}],"author":[{"embeddable":true,"href":"https:\/\/ostarpsbloggen.kulturen.com\/index.php?rest_route=\/wp\/v2\/users\/1"}],"replies":[{"embeddable":true,"href":"https:\/\/ostarpsbloggen.kulturen.com\/index.php?rest_route=%2Fwp%2Fv2%2Fcomments&post=2001"}],"version-history":[{"count":0,"href":"https:\/\/ostarpsbloggen.kulturen.com\/index.php?rest_route=\/wp\/v2\/pages\/2001\/revisions"}],"wp:attachment":[{"href":"https:\/\/ostarpsbloggen.kulturen.com\/index.php?rest_route=%2Fwp%2Fv2%2Fmedia&parent=2001"}],"curies":[{"name":"wp","href":"https:\/\/api.w.org\/{rel}","templated":true}]}}